what is -369 + 2?
-367
In base 10, what is -10 + -116?
-126
In base 8, what is -5 - 342?
-347
In base 14, what is 27 + 2?
29
In base 15, what is -12 + -12e?
-141
In base 14, what is -290 - -24?
-26a
In base 10, what is 0 - -2395?
2395
In base 10, what is 3 - 95?
-92
In base 3, what is 11 + 12202?
12220
In base 12, what is -4 + -44?
-48
In base 7, what is -46 + -4?
-53
In base 15, what is -2d - -2?
-2b
In base 3, what is -12002122 - 12?
-12002211
In base 9, what is 3 + -78?
-75
In base 16, what is -51 + 2?
-4f
In base 4, what is 1 - 1211?
-1210
In base 8, what is 30 + -114?
-64
In base 15, what is -1296 + -3?
-1299
In base 6, what is 3 + 3504?
3511
In base 10, what is 1 + -19?
-18
In base 3, what is 121201 - 112?
121012
In base 3, what is 0 - 101?
-101
In base 6, what is -5 + -35131?
-35140
In base 15, what is -6 + -da?
-e1
In base 12, what is 0 - -8a?
8a
In base 15, what is -7 + -a?
-12
In base 14, what is -4d - 10?
-5d
In base 13, what is -5 - 79?
-81
In base 11, what is 0 + 240?
240
In base 2, what is -11 - 1001?
-1100
In base 10, what is 45 - -9?
54
In base 6, what is -2303 - 5?
-2312
In base 7, what is -1061 - -1?
-1060
In base 2, what is 0 - -100000?
100000
In base 15, what is -18 - -c?
-b
In base 8, what is 2 - 564?
-562
In base 6, what is 122 - 0?
122
In base 12, what is 57 + -23?
34
In base 11, what is 907 - 1?
906
In base 8, what is -4073 + -2?
-4075
In base 3, what is -21 - 1002?
-1100
In base 14, what is 3 - -c8?
cb
In base 15, what is 1167 + -5?
1162
In base 6, what is 23 + -501?
-434
In base 4, what is 210032 + 2?
210100
In base 15, what is -1 - -a68?
a67
In base 14, what is 3 + 129?
12c
In base 16, what is a - 9?
1
In base 13, what is -6a - 4?
-71
In base 16, what is 4 - 7f?
-7b
In base 10, what is 679 + 3?
682
In base 12, what is 116b - 3?
1168
In base 11, what is 5 - -32?
37
In base 6, what is 11552 - 2?
11550
In base 11, what is 736a - 5?
7365
In base 9, what is -17 - -243?
225
In base 10, what is -20 - 29?
-49
In base 11, what is -2 + 2532?
2530
In base 10, what is 2801 - 5?
2796
In base 9, what is -13 - 168?
-182
In base 14, what is -10 - 0?
-10
In base 11, what is 20 - -391?
401
In base 16, what is -1117 + -3?
-111a
In base 12, what is 0 + -283?
-283
In base 7, what is -20364 + -2?
-20366
In base 13, what is a9 - -2?
ab
In base 8, what is -2 + -331?
-333
In base 6, what is -1235 + 0?
-1235
In base 7, what is -1550 + 1?
-1546
In base 13, what is -6 + -3cc?
-405
In base 9, what is -14 + 2?
-12
In base 15, what is 3a + -9?
31
In base 4, what is -10 - -1333?
1323
In base 9, what is -8886 + 0?
-8886
In base 12, what is 1270 + 2?
1272
In base 2, what is 11111101001 - -10?
11111101011
In base 15, what is 34 - -27?
5b
In base 11, what is -3 - 83?
-86
In base 8, what is 2 - -13672?
13674
In base 4, what is -13 - -300?
221
In base 8, what is 2402 - 4?
2376
In base 8, what is 55 + -6?
47
In base 10, what is 11 - 1?
10
In base 12, what is 13b - -a?
149
In base 9, what is 4476 - 0?
4476
In base 8, what is 0 - 304?
-304
In base 12, what is -3 + 59?
56
In base 2, what is 10 + 111000?
111010
In base 6, what is 1521 - -33?
1554
In base 11, what is -17 - 83?
-9a
In base 2, what is 1011010 + 100?
1011110
In base 2, what is 10101 + 101?
11010
In base 15, what is -4 - d3b?
-d40
In base 2, what is -11100110 + 100?
-11100010
In base 16, what is 7 + -1?
6
In base 14, what is 3 + -47?
-44
In base 8, what is 5 - -6?
13
In base 8, what is -527 + -21?
-550
In base 14, what is 1dd + -2?
1db
In base 13, what is 9 + -47?
-3b
In base 11, what is 3 - -881?
884
In base 12, what is -101 - 1?
-102
In base 2, what is 10111000001 + -11?
10110111110
In base 7, what is 21335 + 0?
21335
In base 11, what is 59 + -25?
34
In base 15, what is 0 - d79?
-d79
In base 7, what is 1 - 400?
-366
In base 10, what is -5 - 513?
-518
In base 10, what is 150 + 5?
155
In base 10, what is -1567 + 2?
-1565
In base 7, what is 0 + -15?
-15
In base 14, what is -2 + -13?
-15
In base 15, what is -6c - -2?
-6a
In base 8, what is -24 - -2?
-22
In base 12, what is 3 - -1503?
1506
In base 3, what is 2 + -101?
-22
In base 14, what is -d99 + -3?
-d9c
In base 13, what is 9b + 3?
a1
In base 10, what is -2 + -5746?
-5748
In base 7, what is 0 - -1322?
1322
In base 9, what is 204 - 108?
85
In base 3, what is -110 + 101?
-2
In base 9, what is -21 + 1086?
1065
In base 10, what is -43 - 4?
-47
In base 4, what is 120300 - 0?
120300
In base 8, what is 4 - 0?
4
In base 15, what is 3 + 50?
53
In base 10, what is -53 + -175?
-228
In base 7, what is 4550 - -5?
4555
In base 13, what is 7 + 3a?
44
In base 14, what is b9 + -3?
b6
In base 14, what is -6c + -1a?
-88
In base 3, what is -1011222 - -10?
-1011212
In base 14, what is -4 - 8?
-c
In base 4, what is -10 - 1003?
-1013
In base 5, what is -12 + -30000?
-30012
In base 2, what is -10 - -11010111?
11010101
In base 15, what is 2 - -ea?
ec
In base 13, what is 4 - 5b?
-57
In base 8, what is 464 + 2?
466
In base 7, what is -1443 + 3?
-1440
In base 7, what is -3062 + -25?
-3120
In base 2, what is 10 + 1111?
10001
In base 13, what is 177 - 1?
176
In base 16, what is -3 - 69?
-6c
In base 4, what is 310 + 2?
312
In base 10, what is -93 - 25?
-118
In base 6, what is -31 + 0?
-31
In base 16, what is 0 - -63?
63
In base 7, what is -6035 - 13?
-6051
In base 16, what is -1cf - -1?
-1ce
In base 13, what is -30 - 202?
-232
In base 8, what is 344 + 5?
351
In base 12, what is -8 - 58?
-64
In base 3, what is 10 - -10000?
10010
In base 4, what is 2 - 0?
2
In base 16, what is -35 + bd?
88
In base 15, what is 5 - -5c?
62
In base 12, what is 3722 + -3?
371b
In base 7, what is -1451 - 0?
-1451
In base 10, what is -2 - -39?
37
In base 15, what is -18 - 9?
-22
In base 13, what is -4c8 - -4?
-4c4
In base 4, what is 0 - 11?
-11
In base 13, what is 22 - -7?
29
In base 12, what is -5 - -22b5?
22b0
In base 6, what is -235 + -1?
-240
In base 12, what is b - -69b?
6aa
In base 10, what is 1131 - 1?
1130
In base 7, what is -2 - -2011?
2006
In base 4, what is -3 - -233212?
233203
In base 16, what is -6cf - 1?
-6d0
In base 11, what is 10 - 90?
-80
In base 11, what is 168 + -5?
163
In base 8, what is -301 - -1?
-300
In base 10, what is -268 + -1?
-269
In base 2, what is 101 + -10101110101?
-10101110000
In base 7, what is -225 + -3?
-231
In base 8, what is -55 - 4?
-61
In base 2, what is 110011100111 + 11?
110011101010
In base 5, what is 10 + -211?
-201
In base 5, what is 14033 + 14?
14102
In base 10, what is -151 + -7?
-158
In base 12, what is 4 - -37a?
382
In base 12, what is 73 - -7?
7a
In base 13, what is -3 - -23b?
238
In base 14, what is -b + 0?
-b
In base 13, what is 3 + 0?
3
In base 7, what is -460 - -6?
-451
In base 15, what is -720 + 8?
-717
In base 5, what is -110413 - -2?
-110411
In base 14, what is 6 - -25a?
262
In base 5, what is -12 + -1?
-13
In base 8, what is 642 - -10?
652
In base 16, what is -1 + 125d?
125c
In base 14, what is -269 - 18?
-283
In base 4, what is 122210 + -11?
122133
In base 7, what is -1063 - 1?
-1064
In base 5, what is 3134 - 11?
3123
In base 2, what is 1 + -101111110011?
-101111110010
In base 6, what is -435 - -23?
-412
In base 9, what is -25 + 15?
-10
In base 13, what is 6 - -4?
a
In base 13, what is 10 + 16?
26
In base 14, what is 34 - -1?
35
In base 14, what is -7d2 - 5?
-7d7
In base 13, what is 0 + 2a?
2a
In base 4, what is -22123 - 10?
-22133
In base 9, what is -2 - -81?
78
In base 4, what is 3211 + -3?
3202
In base 11, what is 4 + -667?
-663
In base 7, what is -2215 + 0?
-2215
In base 16, what is 260 - d?
253
In base 13, what is -2 + 62b?
629
In base 13, what is 59 + -2?
57
In base 3, what is 11 - 1012?
-1001
In base 16, what is -105 + 4?
-101
In base 2, what is 0 - 1110000100?
-1110000100
In base 9, what is 32 + 0?
32
In base 9, what is -458 - -17?
-441
In base 5, what is 3 - 132?
-124
In base 9, what is 71 - -3?
74
In base 13, what is -4 + 34?
30
In base 12, what is -1303 + 2?
-1301
In base 14, what is -4 + -42?
-46
In base 12, what is -1 - -576?
575
In base 5, what is 23 - -4?
32
In base 16, what is 5 - 13b?
-136
In base 5, what is 44 + -30?
14
In base 12, what is -a0 + -7?
-a7
In base 13, what is 2c - -87?
b6
In base 9, what is 12 + -25?
-13
In base 11, what is -111 + 0?
-111
In base 3, what is 101 + -1022?
-221
In base 12, what is 114 - -104?
2